undreds digit of 55592984?
9
What is the thousands digit of 326696675?
6
What is the units digit of 9629364249?
9
What is the hundred millions digit of 484881831?
4
What is the ten thousands digit of 388026335?
2
What is the hundred thousands digit of 820201160?
2
What is the units digit of 389783906?
6
What is the millions digit of 79789796?
9
What is the millions digit of 8111038039?
1
What is the ten thousands digit of 161953929?
5
What is the tens digit of 31179852?
5
What is the units digit of 36661985?
5
What is the ten millions digit of 769274162?
6
What is the hundred thousands digit of 1081754062?
7
What is the units digit of 1564136250?
0
What is the hundred thousands digit of 1904583495?
5
What is the thousands digit of 1152672252?
2
What is the thousands digit of 9221740?
1
What is the hundreds digit of 2026339007?
0
What is the tens digit of 35599663?
6
What is the thousands digit of 365495171?
5
What is the hundred millions digit of 543695267?
5
What is the hundred thousands digit of 33767862?
7
What is the hundreds digit of 31812501?
5
What is the units digit of 191405185?
5
What is the ten millions digit of 538916180?
3
What is the units digit of 2326012529?
9
What is the tens digit of 57632721?
2
What is the hundred thousands digit of 3070111743?
1
What is the hundred thousands digit of 1001791272?
7
What is the ten millions digit of 52102095?
5
What is the units digit of 26383078?
8
What is the ten thousands digit of 907665842?
6
What is the hundred millions digit of 193448474?
1
What is the millions digit of 3019081747?
9
What is the millions digit of 281641709?
1
What is the hundred millions digit of 164195906?
1
What is the ten millions digit of 202211603?
0
What is the hundred thousands digit of 498300450?
3
What is the hundred thousands digit of 42208990?
2
What is the tens digit of 628850676?
7
What is the thousands digit of 2438983177?
3
What is the hundred thousands digit of 101851409?
8
What is the hundreds digit of 149409719?
7
What is the tens digit of 93866834?
3
What is the tens digit of 97042030?
3
What is the thousands digit of 464129147?
9
What is the hundred millions digit of 845912014?
8
What is the ten millions digit of 75312846?
7
What is the hundreds digit of 106366115?
1
What is the ten thousands digit of 674199346?
9
What is the units digit of 105960699?
9
What is the ten millions digit of 56181339?
5
What is the hundred thousands digit of 66171276?
1
What is the ten millions digit of 1730647538?
3
What is the tens digit of 50279646?
4
What is the ten millions digit of 145960954?
4
What is the units digit of 3527693071?
1
What is the billions digit of 1454010045?
1
What is the units digit of 350062572?
2
What is the units digit of 27490521?
1
What is the ten millions digit of 194397279?
9
What is the units digit of 45450635?
5
What is the hundred thousands digit of 3352549824?
5
What is the millions digit of 9915570?
9
What is the millions digit of 29130902?
9
What is the millions digit of 583885829?
3
What is the hundred thousands digit of 646187918?
1
What is the thousands digit of 43115729?
5
What is the millions digit of 38250196?
8
What is the ten millions digit of 200013736?
0
What is the hundred thousands digit of 210407649?
4
What is the units digit of 4492672952?
2
What is the millions digit of 309430827?
9
What is the millions digit of 2127071826?
7
What is the units digit of 309641702?
2
What is the hundreds digit of 364606057?
0
What is the ten millions digit of 606201746?
0
What is the tens digit of 179081762?
6
What is the millions digit of 5983616859?
3
What is the units digit of 33002514?
4
What is the tens digit of 3107299547?
4
What is the millions digit of 60673655?
0
What is the hundred millions digit of 264783698?
2
What is the hundred thousands digit of 778092453?
0
What is the tens digit of 119328510?
1
What is the units digit of 326615438?
8
What is the millions digit of 3304168505?
4
What is the units digit of 5257004029?
9
What is the ten millions digit of 25350370?
2
What is the units digit of 367595325?
5
What is the ten millions digit of 6870885755?
7
What is the tens digit of 879928884?
8
What is the hundred millions digit of 330647808?
3
What is the units digit of 5019893744?
4
What is the ten thousands digit of 75628734?
2
What is the units digit of 285630579?
9
What is the tens digit of 5044067?
6
What is the tens digit of 264111516?
1
What is the ten thousands digit of 604036119?
3
What is the millions digit of 28386528?
8
What is the ten thousands digit of 1184577006?
7
What is the ten thousands digit of 5746505601?
0
What is the ten millions digit of 31929038?
3
What is the hundred thousands digit of 1243507687?
5
What is the ten thousands digit of 35383398?
8
What is the millions digit of 32614303?
2
What is the tens digit of 220483311?
1
What is the ten millions digit of 39462922?
3
What is the ten thousands digit of 29190061?
9
What is the tens digit of 127293514?
1
What is the hundred millions digit of 1601255737?
6
What is the ten thousands digit of 371737245?
3
What is the tens digit of 278472440?
4
What is the thousands digit of 12036687?
6
What is the thousands digit of 6630213889?
3
What is the ten thousands digit of 3688448509?
4
What is the billions digit of 1827959904?
1
What is the tens digit of 168759674?
7
What is the hundreds digit of 2901656118?
1
What is the hundreds digit of 59566524?
5
What is the thousands digit of 449613900?
3
What is the tens digit of 33083555?
5
What is the tens digit of 787684146?
4
What is the units digit of 1654833848?
8
What is the millions digit of 23475002?
3
What is the billions digit of 3110279829?
3
What is the hundred millions digit of 3662687950?
6
What is the ten thousands digit of 105249394?
4
What is the millions digit of 282771882?
2
What is the hundred millions digit of 1559054499?
5
What is the hundreds digit of 297029837?
8
What is the hundreds digit of 6076033149?
1
What is the hundreds digit of 735110425?
4
What is the hundred thousands digit of 1068704610?
7
What is the ten thousands digit of 6130775875?
7
What is the units digit of 133021922?
2
What is the hundred millions digit of 123172520?
1
What is the hundred thousands digit of 3077362141?
3
What is the millions digit of 55766762?
5
What is the units digit of 2653620741?
1
What is the millions digit of 357150292?
7
What is the ten thousands digit of 85319293?
1
What is the hundred thousands digit of 519643944?
6
What is the thousands digit of 62289979?
9
What is the units digit of 267072373?
3
What is the thousands digit of 188743455?
3
What is the hundreds digit of 1688308191?
1
What is the thousands digit of 94697873?
7
What is the millions digit of 4509926633?
9
What is the millions digit of 843922274?
3
What is the hundreds digit of 1231914665?
6
What is the millions digit of 5440555451?
0
What is the hundred thousands digit of 145064713?
0
What is the thousands digit of 24275370?
5
What is the tens digit of 4934471205?
0
What is the tens digit of 31723364?
6
What is the ten millions digit of 564470628?
6
What is the units digit of 69277598?
8
What is the billions digit of 2260093276?
2
What is the hundred thousands digit of 21101832?
1
What is the ten thousands digit of 14315875?
1
What is the units digit of 29952901?
1
What is the ten thousands digit of 765421831?
2
What is the hundreds digit of 5118400517?
5
What is the hundred thousands digit of 24438413?
4
What is the tens digit of 12232809?
0
What is the ten millions digit of 2127312005?
2
What is the hundred thousands digit of 1132107891?
1
What is the ten millions digit of 830222257?
3
What is the hundred millions digit of 243738295?
2
What is the billions digit of 1286795814?
1
What is the millions digit of 425591509?
5
What is the tens digit of 3410033184?
8
What is the tens digit of 550153529?
2
What is the tens digit of 461446373?
7
What is the ten millions digit of 8343592113?
4
What is the hundred millions digit of 294127413?
2
What is the thousands digit of 792499?
2
What is the tens digit of 307485160?
6
What is the hundreds digit of 881111474?
4
What is the ten millions digit of 529859453?
2
What is the hundred millions digit of 334193104?
3
What is the ten thousands digit of